(a) = -2216*a - 1334033. What is h(-602)?
-1
Let z(b) = b**2 - 1971*b + 11805. What is z(6)?
15
Let v(m) = -m**3 - 1267*m**2 - 2236*m - 4443090. Give v(-1268).
-18
Let q(n) = 2612*n - 195877. Determine q(75).
23
Let z(o) = o**3 + 588*o**2 - 7199*o + 8. Give z(12).
20
Let k(x) = 2*x**2 - 10*x - 1634. What is k(-30)?
466
Let b(j) = -j**2 + 85*j - 686. Give b(57).
910
Let s(y) = 5187*y + 741625. What is s(-143)?
-116
Let r(f) = -3*f**2 - 353*f - 1829. Give r(-112).
75
Let n(k) = -36487*k - 1094625. Calculate n(-30).
-15
Let m(o) = -3*o**2 + 154*o - 2623. Determine m(14).
-1055
Let f(p) = 420*p - 105987. Calculate f(248).
-1827
Let f(j) = j**3 + 75*j**2 + 1196*j - 1489. Give f(-51).
-61
Let v(a) = 2*a**2 - 263*a - 3025. Give v(-11).
110
Let a(v) = -133225*v + 2930968. Determine a(22).
18
Let b(l) = 6*l**2 + 644*l + 17284. Give b(-55).
14
Let n(h) = -2*h**3 + 94*h**2 - 854*h + 577. Calculate n(35).
87
Let p(m) = m**3 + 130*m**2 - 276*m - 1510. What is p(-132)?
74
Let j(m) = 3*m**3 - 241*m**2 + 92*m - 936. Determine j(80).
24
Let y(v) = v**2 - 29*v - 8052. What is y(105)?
-72
Let v(t) = -t**3 - 1289*t**2 - 88797*t - 35270. Determine v(-1216).
-6
Let g(u) = u**3 + 9*u**2 - 6849*u + 198366. Determine g(43).
7
Let o(h) = -210*h**2 - 3353*h - 16. Calculate o(-17).
-3705
Let r(y) = -y**2 + 8401*y + 1958608. What is r(-227)?
52
Let v(u) = 1023*u**3 - 20467*u**2 + 148*u - 162. Give v(20).
-2
Let g(h) = 82*h**2 - 1761*h + 10656. What is g(6)?
3042
Let t(m) = -14929*m + 134453. Give t(9).
92
Let j(z) = 4668*z + 1017473. What is j(-218)?
-151
Let c(r) = 505*r + 21103. Give c(-42).
-107
Let y(j) = -10*j**2 - 5729*j - 251921. Give y(-48).
31
Let x(r) = r**3 + 420*r**2 + 19758*r - 2205. What is x(-366)?
-9
Let z(q) = -2174*q - 447740. What is z(-206)?
104
Let u(l) = -104*l**2 - 140*l - 65. Determine u(-1).
-29
Let f(z) = 5*z**3 - 22*z**2 - 50*z + 170. Determine f(3).
-43
Let y(k) = -k**3 + 134*k**2 - 4393*k + 215. What is y(57)?
-13
Let h(x) = x**2 - 73*x - 72. Calculate h(76).
156
Let k(c) = -3*c**3 + 126*c**2 + 4*c + 291. Give k(42).
459
Let y(q) = q**3 - 15*q**2 - 2587*q + 26373. Calculate y(10).
3
Let b(t) = -96*t**2 + 990*t + 40. Calculate b(10).
340
Let n(v) = v**3 - 22*v**2 - 3934*v + 129956. What is n(42)?
8
Let r(f) = -6814*f - 40895. Give r(-6).
-11
Let o(l) = -3932*l - 112669. What is o(-29)?
1359
Let r(c) = 2838*c - 411487. Give r(145).
23
Let v(c) = 6*c**2 - 1082*c - 22747. Calculate v(-19).
-23
Let w(h) = 2853*h**3 + 3*h**2 - 708*h + 704. What is w(1)?
2852
Let y(x) = x**3 + 356*x**2 - 4036*x - 14. Determine y(11).
-3
Let d(o) = o**2 - 1790*o - 411199. Determine d(-206).
-23
Let t(k) = 15163*k + 197125. Calculate t(-13).
6
Let z(l) = -2*l**2 + 265*l + 352. What is z(132)?
484
Let y(m) = -126*m + 27656. What is y(206)?
1700
Let m(g) = -441*g - 100556. What is m(-228)?
-8
Let l(z) = -845*z - 16087. Give l(-19).
-32
Let f(k) = -166503*k + 1332023. What is f(8)?
-1
Let f(h) = -491*h**2 - 1464*h + 10. Determine f(-3).
-17
Let j(l) = 12*l**2 - 359*l - 2618. Determine j(36).
10
Let s(x) = -x**3 - 255*x**2 - 1467*x + 66705. Calculate s(-248).
-7
Let g(d) = -10640*d + 117057. Calculate g(11).
17
Let o(r) = 25*r**3 - 14*r**2 + 105*r - 172. What is o(2)?
182
Let u(x) = -x**2 - 1036*x - 227985. Calculate u(-317).
-62
Let u(k) = -1369*k**2 + 117727*k + 598. Give u(86).
-4
Let l(o) = -2*o**2 + 112*o + 824. Give l(-8).
-200
Let g(k) = -634752*k - 15234044. Calculate g(-24).
4
Let v(m) = 7495*m - 269843. Determine v(36).
-23
Let u(c) = -3069*c - 417377. Determine u(-136).
7
Let t(q) = 2323*q - 93006. Calculate t(40).
-86
Let y(q) = -7*q**2 + 443*q + 1426. Calculate y(54).
4936
Let n(g) = -g**2 - 8987*g - 10720517. What is n(-1416)?
19
Let m(z) = -66*z**2 + 33315*z + 7586. Give m(505).
11
Let q(d) = 19794*d - 435476. Calculate q(22).
-8
Let k(z) = -z**2 - 3108*z + 799936. Calculate k(239).
3
Let h(s) = 40*s + 87. Determine h(10).
487
Let u(b) = -3*b**3 + 715*b**2 - 239*b + 193. Calculate u(238).
-45
Let d(l) = l**2 + 80*l - 1413. Calculate d(20).
587
Let t(c) = 333*c + 28440. Calculate t(-86).
-198
Let y(j) = 10*j**2 - 290*j - 2299. What is y(-7)?
221
Let a(h) = 59007*h - 6254737. Calculate a(106).
5
Let y(d) = -3*d**2 - 7*d - 3. Give y(-9).
-183
Let i(w) = 23312*w - 256460. Give i(11).
-28
Let j(s) = -6*s**2 + 1645*s + 202126. What is j(-92)?
2
Let d(h) = -h**3 + 358*h**2 + 7153*h + 3806. Determine d(377).
36
Let u(g) = 6*g**2 + 73666*g - 294778. What is u(4)?
-18
Let w(u) = u**3 + 10*u**2 - 21*u - 287. What is w(-9)?
-17
Let i(t) = 107050*t + 15629294. What is i(-146)?
-6
Let s(m) = -4810*m + 157575. Calculate s(33).
-1155
Let w(y) = -88*y**3 - 29*y**2 - 64*y - 10. Determine w(-2).
706
Let u(n) = -n**3 + 23*n**2 - 112*n + 186. What is u(17)?
16
Let q(w) = 7*w**3 - 1438*w**2 - 600*w - 46134. Give q(206).
10
Let q(l) = -11371*l + 2603962. Calculate q(229).
3
Let o(x) = 645760*x + 645753. What is o(-1)?
-7
Let l(c) = 17*c**2 - 5273*c + 26131. Determine l(5).
191
Let a(t) = 2892*t + 11677. What is a(-4)?
109
Let a(i) = i**3 + 22*i**2 - 136*i + 5909. Give a(-32).
21
Let f(z) = 86263*z + 345059. Calculate f(-4).
7
Let m(f) = 4048*f - 530310. Give m(131).
-22
Let s(t) = -15*t**3 + 317*t**2 - 8529*t + 178227. Give s(21).
0
Let j(f) = 2*f**3 + 218*f**2 + 2547*f + 2627. Give j(-12).
-1
Let i(k) = -k**3 - 3673*k**2 + 14713*k - 16. Give i(4).
4
Let k(s) = -288*s**2 - 2111*s - 462. Determine k(-7).
203
Let l(a) = -a**2 + 374*a + 4563. Calculate l(-12).
-69
Let r(f) = f**3 - 58*f**2 + 358*f - 58. What is r(51)?
-7
Let t(h) = 9266*h + 64851. Calculate t(-7).
-11
Let i(f) = 3*f**2 + 6*f - 361. Give i(-14).
143
Let u(v) = -273*v + 17747. Calculate u(65).
2
Let i(q) = -11*q**3 + 121*q**2 + 22*q - 161. Calculate i(11).
81
Let w(m) = -130*m - 1031. Determine w(-6).
-251
Let q(g) = -7*g**2 - 312*g - 3023. Give q(-15).
82
Let g(l) = -859780*l - 1719562. What is g(-2)?
-2
Let v(j) = 430*j + 1716. Calculate v(-5).
-434
Let k(v) = v**3 + 145*v**2 + 3714*v + 564. What is k(-33)?
-30
Let g(o) = -8*o**2 - 5353*o - 114527. Give g(-647).
-8
Let a(t) = -129*t**2 - 145*t + 701. Determine a(7).
-6635
Let v(l) = 9095*l - 72765. What is v(8)?
-5
Let i(d) = 5109*d + 19042. What is i(-4)?
-1394
Let b(l) = l**2 - 542*l + 17659. Calculate b(32).
1339
Let u(z) = -5*z**3 + 367*z**2 - 3039*z + 241317. Calculate u(74).
3
Let h(o) = -2323*o**2 + 48*o - 6. Give h(1).
-2281
Let g(h) = -88*h + 101. Calculate g(0).
101
Let o(n) = 18065*n + 108354. Give o(-6).
-36
Let t(g) = -57*g**2 + 5185*g - 4923. Determine t(90).
27
Let f(y) = 89*y**3 + 29*y**2 - 46*y + 15. Give f(1).
87
Let u(p) = -35985*p - 5793587. Give u(-161).
-2
Let p(l) = l**3 + 118*l**2 - 7*l - 608. Calculate p(0).
-608
Let m(i) = -6*i**3 - 2561*i**2 + 321*i - 45256. What is m(-427)?
6
Let i(t) = -2*t**3 - 681*t**2 - 4947*t + 15988. What is i(-333)?
4
Let o(d) = 7376*d + 43815. Determine o(-6).
-441
Let i(t) = 7*t**3 - 63*t**2 + 21*t - 130. Determine i(9).
59
Let y(a) = 249*a + 11025. Give y(-40).
1065
Let q(k) = 3041865*k - 54753568. Determine q(18).
2
Let x(j) = 52*j**2 - 512*j + 2516. Give x(5).
1256
Let o(w) = -454318*w + 5451816. Calculate o(12).
0
Let k(w) = -29*w**2 - 390*w + 1. What is k(-5)?
1226
Let l(z) = 4*z**3 - 8*z**2 - 64*z + 775. Determine l(11).
4427
Let w(b) = 4*b**3 - 51*b**2 - 501*b + 6447. Calculate w(12).
3
Let s(r) = -r**3 + 122*r**2 + 554*r - 6306. Give s(126).
-6
Let c(x) = -143*x**3 - 13015*x**2 - 176*x + 553. Give c(-91).
7
Let j(a) = 14303*a + 128706. Determine j(-9).
-21
Let i(k) = -2*k**2 + 545*k - 23621. What is i(54)?
-23
Let r(l) = 37*l - 5146. What is r(145)?
219
Let l(z) = 3*z**3 + 236*z**2 + 156*z + 741. What is l(-78)?
741
Let p(i) = 95*i**2 + 3626*i + 30040. Determine p(-26).
-16
Let c(j) = -874*j + 7033. What is c(8)?
41
Let n(v) = v**3 - 38*v**2 + 52*v + 676. Give n(37).
1231
Let w(r) = 157832*r - 631326. What is w(4)?
2
Let j(h) = h**2 + 9264*h - 64894. Give j(7).
3
Let n(i) = 4*i**3 + 8*i**2 - 13*i - 46. Calculate n(-2).
-20
Let i(s) = 2*s**2 + 39*s - 757. Give i(-30).
-127
Let y(f) = 4596*f - 28276. What is y(7)?
3896
Let a(w) = -5*w**3 - 12*w**2 + 7*w + 244. Determine a(8).
-3028
Let a(c) = -8799*c - 26659. Calculate a(-3).
-262
Let z(w) = w**3 - 109*w**2 - 925*w + 93. Determine z(-8).
5
Let c(o) = -2